sor of 16791 and 116?
29
Calculate the highest common factor of 1824 and 148416.
96
What is the highest common divisor of 3072707 and 11?
11
What is the highest common factor of 1447635 and 4760?
595
What is the greatest common factor of 38005 and 165?
55
What is the greatest common factor of 22746 and 816?
102
Calculate the highest common divisor of 588 and 14385.
21
What is the greatest common divisor of 103 and 302717?
103
Calculate the highest common factor of 5310 and 522.
18
What is the highest common divisor of 75 and 109525?
25
What is the highest common divisor of 206770 and 3782?
62
Calculate the greatest common factor of 387 and 6390273.
129
Calculate the highest common factor of 2721198 and 177.
177
What is the greatest common divisor of 40615 and 10?
5
Calculate the greatest common divisor of 112962 and 14331.
843
What is the greatest common divisor of 1362 and 120?
6
What is the highest common factor of 149295 and 2220?
555
Calculate the greatest common factor of 545171 and 638.
319
What is the highest common divisor of 528 and 2948?
44
What is the highest common factor of 546 and 23982?
42
Calculate the highest common factor of 10233 and 189121.
379
What is the greatest common divisor of 28060 and 2530?
230
Calculate the greatest common factor of 3055 and 1895.
5
What is the greatest common factor of 2370 and 12087?
237
What is the greatest common factor of 16913394 and 54?
54
Calculate the greatest common factor of 1084132 and 31.
31
Calculate the greatest common factor of 3829539 and 357.
357
Calculate the greatest common factor of 1926 and 178.
2
What is the greatest common factor of 1425 and 186105?
285
Calculate the greatest common divisor of 8 and 163588.
4
What is the greatest common divisor of 192 and 1796?
4
Calculate the greatest common divisor of 2110 and 170.
10
Calculate the greatest common divisor of 657 and 171550.
73
Calculate the greatest common factor of 16032 and 768.
96
Calculate the greatest common factor of 60640 and 6880.
160
What is the highest common divisor of 2528 and 41396?
316
What is the highest common divisor of 342696 and 109?
109
What is the highest common divisor of 4537672 and 8?
8
Calculate the greatest common divisor of 86 and 395987.
43
Calculate the greatest common factor of 1296 and 749016.
72
Calculate the greatest common factor of 64 and 3236128.
32
What is the greatest common factor of 290458 and 42?
14
What is the highest common factor of 79587 and 73851?
717
Calculate the greatest common factor of 40684 and 56.
28
Calculate the highest common factor of 4281491 and 202.
101
What is the highest common divisor of 152320 and 153?
17
What is the highest common factor of 13818 and 13066?
94
Calculate the highest common factor of 72 and 30006.
18
Calculate the greatest common divisor of 78894 and 4.
2
What is the greatest common divisor of 239650 and 50?
50
What is the greatest common factor of 119 and 10297?
7
Calculate the highest common factor of 6165 and 120.
15
What is the greatest common divisor of 1205019 and 701?
701
Calculate the highest common divisor of 108 and 17604.
108
What is the greatest common factor of 3048 and 3837?
3
Calculate the greatest common factor of 492 and 4596.
12
What is the greatest common factor of 185322 and 22110?
402
What is the highest common divisor of 179 and 77686?
179
What is the highest common divisor of 1242 and 72?
18
What is the greatest common factor of 10506 and 252762?
618
What is the highest common divisor of 6576 and 21235?
137
What is the highest common factor of 130500 and 232?
116
What is the highest common divisor of 225792 and 1440?
288
What is the highest common divisor of 93200 and 1360?
80
What is the greatest common divisor of 1975 and 98475?
25
Calculate the greatest common factor of 298517 and 598.
23
What is the greatest common factor of 2640 and 23430?
330
What is the greatest common divisor of 12 and 15644?
4
What is the greatest common divisor of 5046280 and 205?
205
Calculate the highest common factor of 425 and 3077.
17
What is the greatest common factor of 38 and 2228?
2
What is the highest common factor of 26 and 2522013?
13
Calculate the greatest common factor of 43 and 4099749.
43
What is the highest common divisor of 275 and 1427360?
55
Calculate the greatest common divisor of 1335744 and 16.
16
What is the greatest common factor of 441 and 67293?
9
What is the greatest common divisor of 425516 and 392?
196
What is the highest common divisor of 4539 and 1632?
51
What is the highest common factor of 120106 and 4025?
161
Calculate the greatest common factor of 1260 and 20916.
252
Calculate the greatest common factor of 16 and 5832.
8
What is the greatest common divisor of 4851 and 24794?
539
What is the highest common divisor of 126 and 13818?
42
Calculate the greatest common factor of 2464 and 8992.
32
Calculate the greatest common factor of 19750 and 2750.
250
Calculate the highest common divisor of 31758 and 316.
158
Calculate the highest common divisor of 75490 and 34.
2
What is the highest common factor of 91 and 20930?
91
Calculate the greatest common factor of 221445 and 21.
21
What is the greatest common factor of 66 and 47267?
11
What is the highest common factor of 380 and 570000?
380
What is the highest common divisor of 37196 and 20672?
68
What is the greatest common factor of 112160 and 8?
8
Calculate the highest common divisor of 28037 and 230.
23
Calculate the greatest common divisor of 21 and 148316.
7
What is the highest common divisor of 96 and 12912?
48
What is the highest common factor of 4992 and 6396?
156
What is the highest common divisor of 30988 and 2928?
244
Calculate the highest common factor of 9550 and 1528.
382
What is the highest common divisor of 66 and 8679066?
66
What is the greatest common factor of 93450 and 1260?
210
What is the greatest common factor of 379761 and 4635?
309
What is the greatest common divisor of 5024 and 7693?
157
Calculate the greatest common divisor of 5115 and 13175.
155
What is the highest common factor of 27881275 and 227?
227
Calculate the highest common factor of 14148 and 108.
108
Calculate the greatest common divisor of 2040 and 8205.
15
What is the highest common factor of 11 and 3021414?
11
What is the greatest common divisor of 142900 and 500?
100
What is the highest common factor of 13528 and 1900?
76
Calculate the highest common factor of 2759051 and 271.
271
What is the highest common factor of 15232 and 348544?
896
What is the highest common factor of 244032 and 352?
32
Calculate the greatest common divisor of 6310326 and 690.
138
Calculate the greatest common factor of 4770 and 412234.
106
What is the highest common factor of 420 and 498820?
140
Calculate the greatest common factor of 360 and 10000.
40
Calculate the highest common factor of 31678 and 3666.
94
What is the highest common factor of 1277494 and 542?
542
Calculate the greatest common factor of 259 and 298109.
259
What is the greatest common factor of 1746 and 1359?
9
Calculate the greatest common divisor of 2262513 and 7293.
561
Calculate the highest common divisor of 81 and 39447.
81
Calculate the highest common divisor of 1470 and 12201.
147
Calculate the greatest common divisor of 228 and 78.
6
Calculate the greatest common divisor of 42090 and 78.
6
What is the greatest common factor of 38922 and 234?
78
What is the highest common divisor of 11141 and 676173?
857
What is the greatest common divisor of 1504 and 132728?
376
What is the greatest common divisor of 4431 and 36714?
633
Calculate the greatest common factor of 864 and 128832.
96
What is the greatest common factor of 3447360 and 798?
798
What is the highest common divisor of 98405 and 145?
5
Calculate the highest common divisor of 252 and 14844.
12
Calculate the highest common divisor of 2288 and 26323.
11
What is the greatest common divisor of 11 and 938058?
11
What is the greatest common factor of 3375 and 375?
375
What is the highest common factor of 1740563 and 11?
11
What is the greatest common divisor of 581 and 12155101?
581
Calculate the highest common factor of 272 and 240176.
272
Calculate the greatest common divisor of 1806 and 32250.
258
What is the greatest common divisor of 78716 and 44?
44
What is the highest 